ctor of 56 and 98776?
8
What is the greatest common factor of 3150 and 245?
35
What is the highest common factor of 135109 and 1976?
247
Calculate the highest common divisor of 10 and 9619810.
10
Calculate the highest common factor of 500 and 1142300.
100
What is the highest common factor of 39 and 347399?
13
Calculate the highest common divisor of 8 and 1359496.
8
What is the greatest common divisor of 6 and 1169094?
6
What is the highest common divisor of 572 and 1386?
22
What is the greatest common divisor of 24 and 515440?
8
Calculate the highest common factor of 906 and 42.
6
What is the highest common factor of 54 and 1538001?
27
Calculate the greatest common factor of 43470 and 3910.
230
Calculate the highest common factor of 1380988 and 592.
148
What is the greatest common divisor of 2573 and 899?
31
Calculate the highest common divisor of 14 and 368.
2
What is the greatest common factor of 188530 and 85?
85
Calculate the greatest common divisor of 484 and 1441836.
484
Calculate the highest common divisor of 218 and 10625538.
218
Calculate the highest common divisor of 82081 and 711.
79
Calculate the greatest common factor of 34 and 130934.
34
Calculate the greatest common divisor of 23331 and 2727.
303
What is the greatest common divisor of 34930 and 6180?
10
What is the greatest common divisor of 9 and 103539?
3
Calculate the greatest common factor of 1872 and 28288.
208
Calculate the greatest common divisor of 7572 and 12.
12
Calculate the highest common divisor of 75158 and 146.
2
Calculate the greatest common factor of 1470 and 4378290.
210
Calculate the highest common divisor of 37 and 729233.
37
What is the greatest common divisor of 1322052 and 464?
116
What is the highest common factor of 252 and 448?
28
Calculate the highest common factor of 6 and 1686.
6
Calculate the greatest common factor of 31382 and 68.
34
Calculate the greatest common factor of 26 and 44018.
26
Calculate the greatest common factor of 2811 and 17803.
937
What is the highest common divisor of 20844 and 294711?
579
What is the greatest common divisor of 1608 and 1308?
12
Calculate the highest common divisor of 10985 and 1040.
65
Calculate the highest common factor of 285 and 623523.
57
What is the greatest common divisor of 3 and 2382939?
3
Calculate the highest common divisor of 12 and 49332.
12
Calculate the highest common factor of 37248 and 56745.
291
What is the greatest common factor of 1638 and 23394?
42
Calculate the greatest common factor of 3370 and 440.
10
Calculate the greatest common factor of 7014 and 4074.
42
What is the highest common divisor of 1764 and 28420?
196
What is the highest common factor of 30 and 18495?
15
What is the greatest common divisor of 842950 and 92?
46
What is the greatest common divisor of 6 and 2283342?
6
What is the greatest common factor of 95800 and 45026?
958
Calculate the highest common factor of 323 and 61047.
323
What is the greatest common divisor of 22 and 668558?
22
Calculate the greatest common factor of 671 and 22387.
61
Calculate the greatest common divisor of 70787 and 213.
71
Calculate the greatest common divisor of 204 and 194196.
12
What is the highest common divisor of 126 and 13518?
18
What is the highest common divisor of 20 and 92740?
20
Calculate the highest common factor of 3850335 and 135.
135
Calculate the highest common factor of 2181 and 9.
3
Calculate the greatest common factor of 303 and 23655.
3
Calculate the highest common factor of 8862 and 58447.
211
Calculate the highest common divisor of 7 and 6417.
1
Calculate the greatest common factor of 341 and 60181.
11
Calculate the highest common factor of 95499 and 81.
81
What is the highest common divisor of 17732 and 20150?
806
What is the highest common divisor of 260 and 5941?
13
What is the highest common factor of 9338 and 11977?
203
What is the greatest common factor of 9730 and 6034?
14
What is the greatest common divisor of 180 and 2640?
60
What is the greatest common divisor of 3832 and 968?
8
What is the highest common divisor of 60 and 521835?
15
Calculate the greatest common factor of 7060294 and 118.
118
What is the greatest common divisor of 129 and 22489?
43
What is the highest common factor of 64740 and 1300?
260
Calculate the greatest common divisor of 868 and 52.
4
What is the highest common divisor of 1135 and 3440?
5
What is the greatest common factor of 87 and 1001573?
29
Calculate the highest common factor of 12533 and 1510.
151
Calculate the greatest common factor of 702739 and 31.
31
What is the greatest common factor of 1571908 and 43?
43
Calculate the highest common factor of 121 and 319.
11
Calculate the greatest common divisor of 43050 and 630.
210
Calculate the highest common divisor of 181250 and 290.
290
Calculate the greatest common factor of 3888 and 4140.
36
What is the greatest common factor of 468 and 594576?
36
What is the greatest common factor of 22725 and 320877?
909
What is the highest common divisor of 105 and 148455?
15
Calculate the highest common divisor of 104 and 32920.
8
Calculate the greatest common factor of 78213 and 3441.
93
What is the highest common divisor of 3 and 2826240?
3
What is the greatest common factor of 3048 and 2139315?
381
Calculate the greatest common factor of 11 and 46354.
11
What is the greatest common factor of 1045 and 156310?
55
What is the greatest common divisor of 82827 and 36?
9
What is the highest common factor of 2583 and 10209?
123
What is the greatest common factor of 768186 and 10?
2
What is the greatest common factor of 645 and 2565?
15
Calculate the highest common divisor of 634 and 317.
317
What is the greatest common factor of 817152 and 1920?
384
What is the highest common divisor of 156 and 185532?
12
Calculate the greatest common factor of 4385156 and 12.
4
What is the highest common divisor of 29 and 7655246?
29
What is the greatest common factor of 39104 and 2624?
64
Calculate the greatest common factor of 293264 and 64.
16
What is the greatest common divisor of 69 and 170223?
69
Calculate the highest common divisor of 333567 and 27.
9
Calculate the highest common factor of 3783 and 21996.
39
What is the greatest common factor of 550 and 52350?
50
Calculate the greatest common divisor of 966 and 31206.
42
Calculate the highest common factor of 7912 and 7153.
23
Calculate the highest common divisor of 371943 and 297.
99
Calculate the highest common divisor of 187278 and 231.
21
What is the highest common divisor of 80 and 1306420?
20
What is the highest common factor of 54072 and 1440?
72
What is the greatest common divisor of 33374 and 63492?
814
Calculate the greatest common factor of 48 and 231048.
24
What is the greatest common factor of 524208 and 489?
489
Calculate the highest common divisor of 183211 and 931.
49
Calculate the highest common factor of 867 and 145911.
51
Calculate the greatest common factor of 4851 and 5005.
77
What is the greatest common factor of 38258 and 888?
74
What is the highest common factor of 3555 and 99303?
237
Calculate the greatest common divisor of 2209 and 658.
47
What is the greatest common divisor of 202614 and 6?
6
Calculate the highest common factor of 5670 and 3375.
135
What is the highest common divisor of 1456 and 10504?
104
Calculate the greatest common factor of 92527 and 87003.
1381
Calculate the greatest common factor of 540 and 237951.
27
Calculate the greatest common factor of 286 and 10244.
26
Calculate the greatest common factor of 1161 and 477.
9
What is the greatest common factor of 215577 and 255?
51
Calculate the highest common divisor of 126 and 158508.
126
Calculate the greatest common divisor of 757734 and 24.
6
What is the greatest common factor of 21895 and 278595?
755
What is the highest common divisor of 57937 and 1012?
253
Calculate the greatest common divisor of 2080 and 17485.
65
What is the greatest common factor of 212 and 3632408?
212
What is the greatest common divisor of 10311 and 189?
21
What is the greatest common factor of 33 and 768097?
11
What is the highest common factor of 1176 and 67560?
24
Calculate the greatest common factor of 252 and 5103.
63
Calculate the greatest common factor of 88 and 246664.
88
Calculate the highest common factor of 100117 and 212.
53
What is 